+ 104?
-4
In base 14, what is 29 + -22aa?
-2281
In base 2, what is 10111111011110001000 - 100?
10111111011110000100
In base 2, what is 101100101 - -1110011011?
10100000000
In base 15, what is 9 - 2235?
-222b
In base 15, what is -67 - 104?
-16b
In base 13, what is -3 + -1977?
-197a
In base 14, what is -1d - -1492?
1473
In base 15, what is 1ade6 + 5?
1adeb
In base 6, what is 351011 - -5?
351020
In base 11, what is -72312 + 1?
-72311
In base 3, what is -11 - 2022120020?
-2022120101
In base 10, what is 125016 - -3?
125019
In base 7, what is -461536 + 0?
-461536
In base 6, what is 535 + 104131?
105110
In base 16, what is 0 - -5df24?
5df24
In base 8, what is 166601 + -13?
166566
In base 5, what is 11100 + 122213?
133313
In base 4, what is -210203113 - -2?
-210203111
In base 3, what is 22122111 - 1201210?
20220201
In base 2, what is -1100 + 11111111000?
11111101100
In base 9, what is 13806 + 2?
13808
In base 10, what is 1640 - 714?
926
In base 16, what is 3 + -1dce?
-1dcb
In base 14, what is -25 - -966?
941
In base 4, what is 22230331 - 10?
22230321
In base 10, what is 588 - 1166?
-578
In base 15, what is 130 - -5a9?
6d9
In base 6, what is 5002540 + 5?
5002545
In base 14, what is 2c0ab + 1?
2c0ac
In base 7, what is 5 - -116011?
116016
In base 5, what is 441120 - 1?
441114
In base 6, what is -5551331 + -25?
-5551400
In base 11, what is -17088 + -1?
-17089
In base 5, what is 0 + -10001333?
-10001333
In base 8, what is 513706 - 1?
513705
In base 7, what is 5 + -35301?
-35263
In base 12, what is 1 + 53836?
53837
In base 5, what is -414 - -24?
-340
In base 8, what is 75615 + 4?
75621
In base 14, what is 520 + -26?
4d8
In base 2, what is -1101101 - 10011010?
-100000111
In base 15, what is d90 - -e?
d9e
In base 7, what is -6054 + -34?
-6121
In base 8, what is -3 + -47047?
-47052
In base 16, what is -432c5 - -3?
-432c2
In base 2, what is 10 + -100101111011011?
-100101111011001
In base 5, what is 1 + 142121432?
142121433
In base 12, what is 25a - 4?
256
In base 16, what is 74 - 8ff7?
-8f83
In base 10, what is -1 - 8150?
-8151
In base 11, what is -26 + -489?
-504
In base 5, what is 24 - 210040?
-210011
In base 2, what is -101111111111000011 + 11?
-101111111111000000
In base 6, what is -45423 + 251?
-45132
In base 12, what is -69657 - 5?
-69660
In base 4, what is -1221 - 3?
-1230
In base 5, what is -101 - -30414?
30313
In base 4, what is 3031 + 3323?
13020
In base 13, what is 45619 + -1?
45618
In base 6, what is 32202 - 204?
31554
In base 3, what is -22112112021 - -1?
-22112112020
In base 3, what is -200 - 2211201222?
-2211202122
In base 15, what is 2 - -6847a?
6847c
In base 15, what is 749 - 0?
749
In base 7, what is 63 + -32535?
-32442
In base 12, what is 5 - 7a2b1?
-7a2a8
In base 13, what is -2 - 40a3?
-40a5
In base 7, what is 12530 - 3000?
6530
In base 9, what is -1452 + -5565?
-7127
In base 6, what is 1534214 - -2?
1534220
In base 15, what is -2 + 42b3?
42b1
In base 4, what is 203 - -103130?
103333
In base 5, what is 12 - -111441434?
111442001
In base 12, what is -a8 + -32?
-11a
In base 3, what is -200010 - -10001?
-120002
In base 4, what is 10001012 - -112?
10001130
In base 2, what is 1011101011010 - 1010100?
1011100000110
In base 6, what is -2035552 - 45?
-2040041
In base 14, what is 13b0b + 51?
13b5c
In base 8, what is -44675 - -5?
-44670
In base 4, what is -101011 - -2?
-101003
In base 3, what is 10 - 200001021?
-200001011
In base 16, what is -5ff7 - 7?
-5ffe
In base 5, what is 1 + -11211310?
-11211304
In base 12, what is -601866 + 4?
-601862
In base 8, what is -254435 - -1?
-254434
In base 12, what is b48a7 - 0?
b48a7
In base 4, what is 3 + -31210132?
-31210123
In base 15, what is 614 - 2d?
5d6
In base 12, what is 5 + -111?
-108
In base 15, what is 1 + -538?
-537
In base 4, what is 201 + -312033?
-311232
In base 10, what is 4100 + -8?
4092
In base 7, what is 5 - 12551?
-12543
In base 15, what is 6 - -18c0a?
18c11
In base 2, what is -1011110100111110010 + 10?
-1011110100111110000
In base 15, what is 84d + 30?
87d
In base 9, what is -7640 - 1?
-7641
In base 12, what is -124b - -12?
-1239
In base 7, what is -561040 - 4?
-561044
In base 7, what is -1005365 + -3?
-1005401
In base 11, what is -1 + -12771?
-12772
In base 9, what is -31 - -10318?
10277
In base 5, what is -142 + -343?
-1040
In base 15, what is -370e - -5?
-3709
In base 15, what is 1b + -1623c?
-16221
In base 9, what is 43 + -32503?
-32450
In base 2, what is 0 - -1000111011010?
1000111011010
In base 10, what is -2184 - -4?
-2180
In base 10, what is -1832 - -12?
-1820
In base 9, what is -116 - -80?
-26
In base 8, what is -11133 + 476?
-10435
In base 15, what is e + -108?
-e9
In base 12, what is 16a + -1927?
-1779
In base 9, what is 248 + 25?
274
In base 16, what is 33 - 1be?
-18b
In base 15, what is -175c0 + -3?
-175c3
In base 4, what is 22 - -200210203?
200210231
In base 6, what is -5 + 153301?
153252
In base 8, what is -6 - -471410?
471402
In base 8, what is 4533 + -4?
4527
In base 3, what is -1212102 + -10122?
-2000001
In base 6, what is 55 + 3545?
4044
In base 16, what is -2 - 2fcc?
-2fce
In base 16, what is -5 - -1d8c?
1d87
In base 6, what is 23500230 + 3?
23500233
In base 15, what is -a811 + 4?
-a80c
In base 5, what is 10 - 121231000?
-121230440
In base 14, what is 2c37 - -b?
2c44
In base 13, what is 1 - 89200?
-891cc
In base 4, what is -10 - 1023121102?
-1023121112
In base 8, what is -10 + 311116?
311106
In base 11, what is 29 - -375a?
3788
In base 3, what is 12 - -1111110101?
1111110120
In base 10, what is 90735 - -1?
90736
In base 7, what is 0 - 10325?
-10325
In base 3, what is 10002 + 2020?
12022
In base 8, what is -503 + -111?
-614
In base 13, what is 0 - 189c45?
-189c45
In base 3, what is -20 + 10111100?
10111010
In base 3, what is -110111221000 + 112?
-110111220111
In base 7, what is -40 - 663446?
-663516
In base 14, what is 12 - -49?
5b
In base 6, what is -1544 + -4?
-1552
In base 16, what is 76e - -14?
782
In base 3, what is -12112012022 - 0?
-12112012022
In base 2, what is -11 + 11010101111001000010?
11010101111000111111
In base 6, what is -41 - 211204?
-211245
In base 14, what is 187d - 36?
1847
In base 13, what is 5966 - -195?
5b2b
In base 4, what is -103133 - 11221?
-121020
In base 13, what is 722 + -bba?
-498
In base 12, what is -6628 - -17?
-6611
In base 14, what is -6 - -7d247?
7d241
In base 13, what is -47 - 4810?
-4857
In base 8, what is 3 + -1406702?
-1406677
In base 5, what is -1012133 - 10?
-1012143
In base 6, what is 310 + -325?
-15
In base 3, what is 1 + -100010222212?
-100010222211
In base 13, what is -831b + -3?
-8321
In base 9, what is -157 - 1435?
-1603
In base 8, what is -56112 + -4?
-56116
In base 14, what is 2d437 + 4?
2d43b
In base 11, what is 148084 - 9?
148076
In base 8, what is -3 + 314400?
314375
In base 10, what is 277 + -1314?
-1037
In base 2, what is -11111111 - 111011?
-100111010
In base 15, what is -2a2 - 822?
-ac4
In base 9, what is -14706 - 4?
-14711
In base 3, what is 1 - -2221000121?
2221000122
In base 3, what is -2001120111 - 1?
-2001120112
In base 14, what is -12c - 31?
-15d
In base 14, what is -9 + -71616?
-71621
In base 15, what is -14ca2 + 3?
-14c9e
In base 3, what is 10210 + 1222012?
2002222
In base 11, what is -1270 - -47?
-1224
In base 3, what is 100012010220 - 2?
100012010211
In base 16, what is -6 + 442c7?
442c1
In base 6, what is 41153454 + -4?
41153450
In base 15, what is 1 + -2ee90?
-2ee8e
In base 11, what is -357 + 765?
409
In base 11, what is 6 + 13a32?
13a38
In base 8, what is -2613476 + 5?
-2613471
In base 7, what is 25 + -1033654?
-1033626
In base 12, what is 185b11 + -1?
185b10
In base 3, what is -2 + 200112002?
200112000
In base 9, what is 730752 - 2?
730750
In base 5, what is 4441432 + -1?
4441431
In base 12, what is 56b + -374?
1b7
In base 8, what is -5 + -17625?
-17632
In base 14, what is 89ab + 0?
89ab
In base 4, what is 10 - -22331033?
22331103
In base 3, what is -1210202 - 1022010?
-10002212
In base 14, what is 1c - -15d61?
15d7d
In base 6, what is -12 - 300340?
-300352
In base 6, what is 255525 + 0?
255525
In base 14, what is -3 + -854b?
-8550
In base 6, what is 5 - 1132440?
-1132431
In base 11, what is 18596 + 3?
18599
In base 11, what is 90 - 3?
88
In base 14, what is -b7737 + -6?
-b773d
In base 6, what is -30134